{"version":"1.0","provider_name":"Stowarzyszenie MOST","provider_url":"https:\/\/www.mostkatowice.pl\/en","author_name":"Agnieszka","author_url":"https:\/\/www.mostkatowice.pl\/en\/author\/agnieszka\/","title":"Razem dla wykluczonych \u2013 inicjatywa lokalna w\u00a0Gminie Chybie - Stowarzyszenie MOST","type":"rich","width":600,"height":338,"html":"<blockquote class=\"wp-embedded-content\" data-secret=\"jFSC4YMpZa\"><a href=\"https:\/\/www.mostkatowice.pl\/en\/razemdlawykluczonych\/\">Razem dla wykluczonych \u2013 inicjatywa lokalna w\u00a0Gminie Chybie<\/a><\/blockquote><iframe sandbox=\"allow-scripts\" security=\"restricted\" src=\"https:\/\/www.mostkatowice.pl\/en\/razemdlawykluczonych\/embed\/#?secret=jFSC4YMpZa\" width=\"600\" height=\"338\" title=\"&#8220;Razem dla wykluczonych \u2013 inicjatywa lokalna w\u00a0Gminie Chybie&#8221; &#8212; Stowarzyszenie MOST\" data-secret=\"jFSC4YMpZa\" frameborder=\"0\" marginwidth=\"0\" marginheight=\"0\" scrolling=\"no\" class=\"wp-embedded-content\"><\/iframe><script>\n\/*! This file is auto-generated *\/\n!function(d,l){\"use strict\";l.querySelector&&d.addEventListener&&\"undefined\"!=typeof URL&&(d.wp=d.wp||{},d.wp.receiveEmbedMessage||(d.wp.receiveEmbedMessage=function(e){var t=e.data;if((t||t.secret||t.message||t.value)&&!\/[^a-zA-Z0-9]\/.test(t.secret)){for(var s,r,n,a=l.querySelectorAll('iframe[data-secret=\"'+t.secret+'\"]'),o=l.querySelectorAll('blockquote[data-secret=\"'+t.secret+'\"]'),c=new RegExp(\"^https?:$\",\"i\"),i=0;i<o.length;i++)o[i].style.display=\"none\";for(i=0;i<a.length;i++)s=a[i],e.source===s.contentWindow&&(s.removeAttribute(\"style\"),\"height\"===t.message?(1e3<(r=parseInt(t.value,10))?r=1e3:~~r<200&&(r=200),s.height=r):\"link\"===t.message&&(r=new URL(s.getAttribute(\"src\")),n=new URL(t.value),c.test(n.protocol))&&n.host===r.host&&l.activeElement===s&&(d.top.location.href=t.value))}},d.addEventListener(\"message\",d.wp.receiveEmbedMessage,!1),l.addEventListener(\"DOMContentLoaded\",function(){for(var e,t,s=l.querySelectorAll(\"iframe.wp-embedded-content\"),r=0;r<s.length;r++)(t=(e=s[r]).getAttribute(\"data-secret\"))||(t=Math.random().toString(36).substring(2,12),e.src+=\"#?secret=\"+t,e.setAttribute(\"data-secret\",t)),e.contentWindow.postMessage({message:\"ready\",secret:t},\"*\")},!1)))}(window,document);\n\/\/# sourceURL=https:\/\/www.mostkatowice.pl\/wp-includes\/js\/wp-embed.min.js\n<\/script>","thumbnail_url":"http:\/\/www.mostkatowice.pl\/wp-content\/uploads\/2023\/05\/octavian-dan-b21Ty33CqVs-unsplash-scaled.jpg","thumbnail_width":2560,"thumbnail_height":1707,"description":"Stowarzyszenie Wspierania Organizacji Pozarz\u0105dowych \u201eMost\u201d, nieformalna grupa \u201eAktyw\u201di Gminny O\u015brodek Kultury w&nbsp;Chybiu z\u0142o\u017cy\u0142y wniosek i&nbsp;pozyska\u0142y dofinansowanie Projektu&nbsp;\u201eRazem dla wykluczonych \u2013 inicjatywa lokalna w&nbsp;Gminie Chybie\u201d&nbsp;w&nbsp;ramach Programu Operacyjnego Kapita\u0142 Ludzki, Dzia\u0142anie 7.3&nbsp;Inicjatywy lokalne na&nbsp;rzecz aktywnej integracji.&nbsp;Projekt jest realizowany od&nbsp;1 lutego i&nbsp;potrwa do&nbsp;30 czerwca 2011 roku. Projekt ma&nbsp;na&nbsp;celu w\u0142\u0105czenie spo\u0142eczno\u015bci Gminy Chybie w&nbsp;dzia\u0142ania dotycz\u0105ce przeciwdzia\u0142aniu wykluczeniu spo\u0142ecznemu, poprzez [&hellip;]"}

Stowarzyszenie Wspierania Organizacji Pozarządowych „Most”, nieformalna grupa „Aktyw”i Gminny Ośrodek Kultury w&nbsp;Chybiu złożyły wniosek i&nbsp;pozyskały dofinansowanie Projektu&nbsp;„Razem dla wykluczonych – inicjatywa lokalna w&nbsp;Gminie Chybie”&nbsp;w&nbsp;ramach Programu Operacyjnego Kapitał Ludzki, Działanie 7.3&nbsp;Inicjatywy lokalne na&nbsp;rzecz aktywnej integracji.&nbsp;Projekt jest realizowany od&nbsp;1 lutego i&nbsp;potrwa do&nbsp;30 czerwca 2011 roku. Projekt ma&nbsp;na&nbsp;celu włączenie społeczności Gminy Chybie w&nbsp;działania dotyczące przeciwdziałaniu wykluczeniu społecznemu, poprzez [&hellip;]
