{"version":"1.0","provider_name":"Stowarzyszenie MOST","provider_url":"https:\/\/www.mostkatowice.pl\/en","author_name":"Agnieszka","author_url":"https:\/\/www.mostkatowice.pl\/en\/author\/agnieszka\/","title":"EkoKato. Inicjatywa m\u0142odzie\u017cowa CAM Katowice - 15 kwietnia - Stowarzyszenie MOST","type":"rich","width":600,"height":338,"html":"<blockquote class=\"wp-embedded-content\" data-secret=\"NaNN8uK7O8\"><a href=\"https:\/\/www.mostkatowice.pl\/en\/ekokato-inicjatywa-mlodziezowa-cam-katowice-15-kwietnia\/\">EkoKato. Inicjatywa m\u0142odzie\u017cowa CAM Katowice &#8211; 15 kwietnia<\/a><\/blockquote><iframe sandbox=\"allow-scripts\" security=\"restricted\" src=\"https:\/\/www.mostkatowice.pl\/en\/ekokato-inicjatywa-mlodziezowa-cam-katowice-15-kwietnia\/embed\/#?secret=NaNN8uK7O8\" width=\"600\" height=\"338\" title=\"&#8220;EkoKato. Inicjatywa m\u0142odzie\u017cowa CAM Katowice &#8211; 15 kwietnia&#8221; &#8212; Stowarzyszenie MOST\" data-secret=\"NaNN8uK7O8\" frameborder=\"0\" marginwidth=\"0\" marginheight=\"0\" scrolling=\"no\" class=\"wp-embedded-content\"><\/iframe><script>\n\/*! This file is auto-generated *\/\n!function(d,l){\"use strict\";l.querySelector&&d.addEventListener&&\"undefined\"!=typeof URL&&(d.wp=d.wp||{},d.wp.receiveEmbedMessage||(d.wp.receiveEmbedMessage=function(e){var t=e.data;if((t||t.secret||t.message||t.value)&&!\/[^a-zA-Z0-9]\/.test(t.secret)){for(var s,r,n,a=l.querySelectorAll('iframe[data-secret=\"'+t.secret+'\"]'),o=l.querySelectorAll('blockquote[data-secret=\"'+t.secret+'\"]'),c=new RegExp(\"^https?:$\",\"i\"),i=0;i<o.length;i++)o[i].style.display=\"none\";for(i=0;i<a.length;i++)s=a[i],e.source===s.contentWindow&&(s.removeAttribute(\"style\"),\"height\"===t.message?(1e3<(r=parseInt(t.value,10))?r=1e3:~~r<200&&(r=200),s.height=r):\"link\"===t.message&&(r=new URL(s.getAttribute(\"src\")),n=new URL(t.value),c.test(n.protocol))&&n.host===r.host&&l.activeElement===s&&(d.top.location.href=t.value))}},d.addEventListener(\"message\",d.wp.receiveEmbedMessage,!1),l.addEventListener(\"DOMContentLoaded\",function(){for(var e,t,s=l.querySelectorAll(\"iframe.wp-embedded-content\"),r=0;r<s.length;r++)(t=(e=s[r]).getAttribute(\"data-secret\"))||(t=Math.random().toString(36).substring(2,12),e.src+=\"#?secret=\"+t,e.setAttribute(\"data-secret\",t)),e.contentWindow.postMessage({message:\"ready\",secret:t},\"*\")},!1)))}(window,document);\n\/\/# sourceURL=https:\/\/www.mostkatowice.pl\/wp-includes\/js\/wp-embed.min.js\n<\/script>","thumbnail_url":"https:\/\/www.mostkatowice.pl\/wp-content\/uploads\/2023\/04\/grafika-EkoKato.png","thumbnail_width":1640,"thumbnail_height":1056,"description":"W imieniu&nbsp;grupy inicjatywnej z Centrum Aktywno\u015bci M\u0142odzie\u017cowej&nbsp;pragn\u0119&nbsp;WSZYSTKICH&nbsp;zaprosi\u0107 na&nbsp;fina\u0142&nbsp;kolejnej&nbsp;inicjatywy m\u0142odzie\u017cowej&nbsp;&#8211;&nbsp;EkoKato&nbsp;skupi si\u0119 na blisko\u015bci z natur\u0105 i dbaniu o przyrod\u0119.&nbsp;Fina\u0142 odb\u0119dzie si\u0119 na Placu Andrzeja w Katowicach 15 kwietnia, tj. sobota, w godzinach 11:00-14:00. Nasza grupa inicjatywna dzielnie pracuje nad&nbsp;budow\u0105 drewnianych donic&nbsp;(wszystko robi\u0105 w\u0142asnor\u0119cznie!), w kt\u00f3rych ju\u017c 15 kwietnia zostan\u0105 zasadzone ro\u015blinki &#8211; mamy nadziej\u0119, \u017ce b\u0119d\u0105 [&hellip;]"}

EkoKato. Inicjatywa młodzieżowa CAM Katowice - 15 kwietnia - Stowarzyszenie MOST

<blockquote class="wp-embedded-content" data-secret="NaNN8uK7O8"><a href="https://www.mostkatowice.pl/en/ekokato-inicjatywa-mlodziezowa-cam-katowice-15-kwietnia/">EkoKato. Inicjatywa młodzieżowa CAM Katowice &#8211; 15 kwietnia</a></blockquote><iframe sandbox="allow-scripts" security="restricted" src="https://www.mostkatowice.pl/en/ekokato-inicjatywa-mlodziezowa-cam-katowice-15-kwietnia/embed/#?secret=NaNN8uK7O8" width="600" height="338" title="&#8220;EkoKato. Inicjatywa młodzieżowa CAM Katowice &#8211; 15 kwietnia&#8221; &#8212; Stowarzyszenie MOST" data-secret="NaNN8uK7O8" frameborder="0" marginwidth="0" marginheight="0" scrolling="no" class="wp-embedded-content"></iframe><script>
/*! This file is auto-generated */
!function(d,l){"use strict";l.querySelector&&d.addEventListener&&"undefined"!=typeof URL&&(d.wp=d.wp||{},d.wp.receiveEmbedMessage||(d.wp.receiveEmbedMessage=function(e){var t=e.data;if((t||t.secret||t.message||t.value)&&!/[^a-zA-Z0-9]/.test(t.secret)){for(var s,r,n,a=l.querySelectorAll('iframe[data-secret="'+t.secret+'"]'),o=l.querySelectorAll('blockquote[data-secret="'+t.secret+'"]'),c=new RegExp("^https?:$","i"),i=0;i<o.length;i++)o[i].style.display="none";for(i=0;i<a.length;i++)s=a[i],e.source===s.contentWindow&&(s.removeAttribute("style"),"height"===t.message?(1e3<(r=parseInt(t.value,10))?r=1e3:~~r<200&&(r=200),s.height=r):"link"===t.message&&(r=new URL(s.getAttribute("src")),n=new URL(t.value),c.test(n.protocol))&&n.host===r.host&&l.activeElement===s&&(d.top.location.href=t.value))}},d.addEventListener("message",d.wp.receiveEmbedMessage,!1),l.addEventListener("DOMContentLoaded",function(){for(var e,t,s=l.querySelectorAll("iframe.wp-embedded-content"),r=0;r<s.length;r++)(t=(e=s[r]).getAttribute("data-secret"))||(t=Math.random().toString(36).substring(2,12),e.src+="#?secret="+t,e.setAttribute("data-secret",t)),e.contentWindow.postMessage({message:"ready",secret:t},"*")},!1)))}(window,document);
//# sourceURL=https://www.mostkatowice.pl/wp-includes/js/wp-embed.min.js
</script>

W imieniu&nbsp;grupy inicjatywnej z Centrum Aktywności Młodzieżowej&nbsp;pragnę&nbsp;WSZYSTKICH&nbsp;zaprosić na&nbsp;finał&nbsp;kolejnej&nbsp;inicjatywy młodzieżowej&nbsp;&#8211;&nbsp;EkoKato&nbsp;skupi się na bliskości z naturą i dbaniu o przyrodę.&nbsp;Finał odbędzie się na Placu Andrzeja w Katowicach 15 kwietnia, tj. sobota, w godzinach 11:00-14:00. Nasza grupa inicjatywna dzielnie pracuje nad&nbsp;budową drewnianych donic&nbsp;(wszystko robią własnoręcznie!), w których już 15 kwietnia zostaną zasadzone roślinki &#8211; mamy nadzieję, że będą [&hellip;]
